8/(-12)*-15*40/50. Suppose 0 = -2*q - l - i, 0 = 2*a + 3*q - 226. Is a a prime number?
False
Let g be 1 - (-1 + 3)/(-2). Suppose -4*l + 3 = g*x + 1, x - 16 = -5*l. Let h(o) = 5*o**2 + 10*o - 16. Is h(x) a composite number?
True
Let u = 6685 + -1592. Is u composite?
True
Suppose 0*l + 3*k = -l + 15, 4*l = -2*k + 20. Suppose 0 = b - 1, -3*q - b - l*b = -8443. Is q composite?
True
Let f(q) = q**3 - 4*q**2 + 4*q - 4. Let n be f(3). Let s(c) = -3*c - 1 - 116*c**3 - 4*c**2 + 2*c**2 + c. Is s(n) a prime number?
False
Let i be (-1)/(1*(-2)/2946). Suppose 5*c + 6 - 1 = 0, -5*y - 2*c + i = 0. Is y a composite number?
True
Suppose 12 + 0 = 4*p. Suppose l + l = p*y + 154, 224 = 3*l - y. Is l prime?
False
Suppose -324910 = 29*v - 39*v. Is v composite?
False
Let r be 1 + 3*(-2)/(-3). Let t(g) = 5*g**2 - 3 + 0*g + 7*g - 2*g**r + 0. Is t(-5) prime?
True
Suppose 54*v - 192542 = 40*v. Is v a prime number?
False
Suppose 2*i - 5*f - 160 = -704, -5*i = 4*f + 1360. Let g = i - -817. Is g a composite number?
True
Let b be ((-3)/(-12))/(19/1064). Let s be 17 + 0 + 0 + 1. Suppose b*w - s*w = -956. Is w a composite number?
False
Suppose -71889 = -0*t - 5*t + r, 20 = -5*r. Is t composite?
True
Let d = -409 - -820. Is d a composite number?
True
Let g(t) be the third derivative of t**6/120 + t**5/6 + t**4/12 - t**3/6 + t**2. Let f be ((-8)/(-8) - 5)/(0 - -1). Is g(f) a composite number?
True
Let y = -9 + 12. Suppose -4*d + 5660 = -4*h, -h - 1912 - 2333 = -y*d. Is d composite?
True
Let k = 290 - 1845. Let j = k - -4508. Is j prime?
True
Suppose -2*t = -5*a - 72, 5*a - 2*t - 3*t + 60 = 0. Let v = a + 103. Is v a prime number?
False
Let z be (3/(-6))/(1/(-10)). Suppose -z*n - 6 - 3 = 4*i, 4*i + 3 = n. Is 251 - 0/(i - 2) composite?
False
Let u(q) = -q**2 + 1. Let g be u(-6). Suppose 0 = 43*t - 16*t - 3996. Let w = t + g. Is w a prime number?
True
Suppose -261 = -2*l + 19. Suppose 138 = 4*b + s, -l - 26 = -5*b + 2*s. Is b a composite number?
True
Suppose 5*i - 1905 = -4*l, -2*i = -3*i + 4*l + 357. Is i composite?
True
Suppose -144 = -4*q + 3*q. Suppose 0 = y, 27 + q = 3*j + 4*y. Is -1 + (j - (-1 + -2)) a composite number?
False
Suppose -4*b + 2*t + 3*t = -86173, -64644 = -3*b - t. Is b a prime number?
False
Is 2 - (-8485)/5 - 6 prime?
True
Suppose 7*v - 9*v = 10. Is (-291)/v - 4/(-5) a prime number?
True
Suppose r + z + 4*z + 2 = 0, 3*r = -4*z - 6. Let o be r/(-1) - 378/9. Let u = o + 203. Is u a prime number?
True
Let g = 17 - 62. Is (-6)/(-4)*5/(g/(-8754)) a composite number?
False
Suppose -4*f = 2*p + 3*p - 44, 5*p = 20. Let q(a) = 5*a**3 - 5*a**2 + 10*a - 7. Is q(f) composite?
False
Let z(d) = 8*d - 4. Suppose -5*x = 5, 0*v - 18 = -5*v + 3*x. Let b be z(v). Suppose t + b - 73 = 0. Is t composite?
False
Suppose -4*q - 137151 = -5*a, 4*a = 3*a - q + 27423. Is a prime?
True
Let l = -1917 - -3319. Suppose -l = 10*h - 12*h. Is h prime?
True
Suppose 2*g = 2*z + 6*g - 13062, 5*g - 19588 = -3*z. Is z prime?
True
Suppose 5*z = -y + 25, 4*z + 9 - 29 = -2*y. Suppose z*b - 584 = p + 50, -2*b = -p - 253. Is b prime?
True
Let u be (-10)/(-8) + (-81)/(-12) - 4. Let w(x) be the third derivative of 7*x**5/20 + x**4/6 - x**3 + 2*x**2. Is w(u) prime?
False
Let y(i) = 33*i**2 - 1. Let a(r) be the third derivative of -r**6/120 + 7*r**5/60 - 5*r**4/24 - 4*r**3/3 - 2*r**2. Let p be a(6). Is y(p) prime?
True
Suppose 3*z + 9 = 3*i, 2*i - 4 = -4*z - 16. Suppose 3*s + s - 628 = i. Is s prime?
True
Suppose c - 5 = -4. Suppose -2*f + c = -23. Is 4/f*(4196 - -1) composite?
False
Let t = 15 - 6. Suppose 1 = -2*m - t. Let a(i) = i**2 - i - 9. Is a(m) a composite number?
True
Suppose 0 = -16*c + 269682 + 259646. Is c a prime number?
True
Let h(p) = 19*p - 22. Let k(l) = -l. Let c be k(-9). Is h(c) composite?
False
Let k = 68987 - 36160. Is k prime?
False
Suppose -645*c + 649*c = 53468. Is c composite?
False
Let s be 1030*1 + -3*8/6. Suppose 0 = 2*q + 4*g - s, -g - 123 + 1161 = 2*q. Is q prime?
True
Suppose -6*d + 7*d = -3. Let w be (0 + -19)*(d - -2). Suppose i - 34 = w. Is i a prime number?
True
Suppose p + 1462 - 376 = 0. Let a = -3922 - p. Is (-2)/(-9) + a/(-36) a prime number?
True
Let d(o) = -o**2 - o + 27. Let a(s) = -s**2 - s + 14. Let i(q) = -5*a(q) + 2*d(q). Is i(9) a composite number?
True
Let s = 9244 + -5127. Let y = -2100 + s. Is y prime?
True
Let a be 1 - (4 - 0 - -1198). Let h = 536 + a. Let q = h - -1242. Is q a prime number?
True
Suppose 0 = 3*l + 3, 3*l = t + 2*t + 1068. Is -1 - (t - -2 - 5) a composite number?
False
Suppose 0 = -8*b + 11*b - 96. Let u = b + 83. Is u a composite number?
True
Suppose q + 2963 = 4*l, -l + 2*l + 4*q - 762 = 0. Let o = 267 - 266. Is (1 + o)*l/4 composite?
True
Let u(j) = 6*j**2 + 17 - 6 - 24*j + 8*j - 10*j. Is u(11) a composite number?
True
Let s(u) = 527*u**2. Let h = -2 - -16. Suppose 6*r - 3*r + 2*p = -9, h = -2*r - 4*p. Is s(r) composite?
True
Let k(i) = -7*i - 20. Let v be k(9). Suppose 949 = -3*b + 223. Let u = v - b. Is u a composite number?
True
Let y = 11 - 8. Suppose 2*z + 2*f = -f + 964, 2*z = y*f + 976. Let t = -274 + z. Is t a composite number?
False
Suppose -28 = 4*b - 88. Suppose -b = -9*q + 4*q. Suppose -5*p + 55 = -5*v, -4*p + 3 + 55 = q*v. Is p composite?
False
Let f(a) = -1 + 23*a**2 - a**3 - 13*a - 3*a + 9*a - 3*a. Is f(15) prime?
False
Let g(f) be the third derivative of 149*f**5/30 - f**4/12 + f**3/3 + 5*f**2. Let o be g(1). Suppose -316 = -2*s + o. Is s prime?
True
Let m be 1 + 0 + -1 + (1 - -6). Suppose -42 = -m*x + 637. Is x prime?
True
Suppose 3*g - 5568 = 5*w + 1976, 5*g - w = 12566. Is g a composite number?
True
Suppose 36*r - 19*r = 107389. Is r a composite number?
False
Suppose w - 5*x = 649 + 593, -2*w - 4*x = -2540. Is w a prime number?
False
Let s = -71 - -82. Suppose 9779 = s*c - 4*c. Is c composite?
True
Suppose -3*j + 2*o + 15911 = 7*o, -o + 4 = 0. Is j a composite number?
False
Suppose 217*u - 214*u - 141099 = 0. Is u a prime number?
False
Suppose 2*u - 3 = -581. Is 0/1 - (0 + u) prime?
False
Suppose -3*l - m + 6 = 0, 2*l - 5 = -2*m - 1. Is -3 + l + (7 - -125) a composite number?
False
Suppose 2 - 7 = l. Let v be ((-2)/l)/(3/15). Suppose -3*n = 3*k - 93, -k + n + 93 = v*k. Is k composite?
False
Suppose -b + 7 = -0*b - 2*f, -4*b + 2*f = -16. Suppose 2*d - 5776 = b*w, -5*w - 2752 = -d + 143. Is d composite?
True
Suppose 3*c - 4 = 5. Is 829/2*-2*c/(-3) a prime number?
True
Suppose 21866 - 6598 = -3*s + j, 2*j - 20358 = 4*s. Let g = 7515 + s. Is g a prime number?
False
Let n = 12216 - 24914. Is (n/10)/(1/(-5)) composite?
True
Suppose 0 = -5*r - v + 159083, 32*r + 127264 = 36*r + 2*v. Is r prime?
True
Let f = 5360 - 3546. Is f a composite number?
True
Suppose 0 = 3*d - 5*d + 5*t + 8, 2*d = 2*t + 8. Suppose -s - 4*z - 116 + 1250 = 0, -2*z = d. Is s/4*(-2)/(-1) composite?
False
Let c be (-9)/(-21) + (-156)/(-28). Suppose -5*o + 1 - c = 0. Is 2 + o/(3/(-1509)) composite?
True
Let x(h) = 447*h**2 + 113*h + 10. Is x(9) composite?
True
Let s(k) = -k - 1. Let d be s(-18). Let m(a) = -a**3 + 18*a**2 + 17*a - 21. Is m(d) prime?
True
Let s(f) be the first derivative of 0 - f**2 + 0*f**2 - 3*f + 4*f**3 - 3*f**3 + 3. Is s(4) a composite number?
False
Let u(c) = -419*c + 175. Is u(-8) a prime number?
True
Suppose -3 + 23 = 4*h. Let d = 0 + 1. Let k = h + d. Is k a composite number?
True
Is (162/(-117))/9 + 145110/26 a prime number?
True
Suppose 375499 + 123895 = 14*x. Is x a composite number?
False
Let r be -7877 - (-10)/5*1. Let h = -4582 - r. Is h composite?
True
Suppose -4*s = 2*k - 4, 4*k + 22 = -0*s + 2*s. Suppose 4*x - s = x, 2*x - 355 = -g. Is g composite?
False
Suppose 7492 = -10*q - 9708. Let r = q + 9161. Is r composite?
True
Let x(c) be the third derivative of c**6/30 - c**5/20 - c**4/4 + c**3/6 + 10*c**2. Is x(4) prime?
False
Let b(g) = -26 + 44*g - 22*g + 39*g. Is b(19) composite?
True
Let c = -40 + 53. Suppose 0 = -12*g + c*g - 445. Is g composite?
True
Suppose 0 = -7*t + 236559 + 363278. Is t prime?
True
Suppose 317 = 2*v + 19. Suppose -3*b = v - 461. Let t = -71 + b. Is t a composite number?
True
Let v(u) = -92*u - 179. Is v(-8) a composite number?
False
Let f be (-12)/18*3*4573. Let u = f + 14449. Is u prime?
True
Suppose -3*g + 0 - 10 = 5*j, -4*g = j + 19. Let x(n) be the second derivative of -2*n**3 - n**2 + 5*n. Is